{"id":29981,"date":"2018-05-22T15:19:06","date_gmt":"2018-05-22T19:19:06","guid":{"rendered":"https:\/\/www.canadim.com\/intra-company-transfer\/"},"modified":"2023-02-14T15:19:54","modified_gmt":"2023-02-14T20:19:54","slug":"personnes-mutees-interieur-societe","status":"publish","type":"page","link":"https:\/\/www.canadim.com\/fr\/travail\/temporaire-sans-eimt\/personnes-mutees-interieur-societe\/","title":{"rendered":"Personnes mut\u00e9es \u00e0 l\u2019int\u00e9rieur d\u2019une soci\u00e9t\u00e9"},"content":{"rendered":"<p><span style=\"font-weight: 400;\">Le programme de mobilit\u00e9 internationale du Canada contient des dispositions permettant aux ressortissants \u00e9trangers hautement qualifi\u00e9s de travailler temporairement au Canada en tant que personnes mut\u00e9es \u00e0 l&#8217;int\u00e9rieur d&#8217;une soci\u00e9t\u00e9. Si un ressortissant \u00e9tranger est un employ\u00e9 d&#8217;une soci\u00e9t\u00e9 multinationale situ\u00e9e \u00e0 l&#8217;ext\u00e9rieur du Canada, il peut avoir le droit d&#8217;obtenir un permis de travail exempt d\u2019EIMT pour \u00eatre transf\u00e9r\u00e9 dans l&#8217;un des \u00e9tablissements de la soci\u00e9t\u00e9 au Canada. La r\u00e8gle relative aux personnes mut\u00e9es \u00e0 l&#8217;int\u00e9rieur d&#8217;une soci\u00e9t\u00e9 s&#8217;applique \u00e0 tous les pays.<\/span><\/p>\n","protected":false},"excerpt":{"rendered":"<p>Le programme de mobilit\u00e9 internationale du Canada contient des dispositions permettant aux ressortissants \u00e9trangers hautement qualifi\u00e9s de travailler temporairement au Canada en tant que personnes [&hellip;]<\/p>\n","protected":false},"author":16,"featured_media":0,"parent":29994,"menu_order":1,"comment_status":"closed","ping_status":"closed","template":"","meta":{"_acf_changed":false,"footnotes":""},"tags":[],"class_list":["post-29981","page","type-page","status-publish","hentry"],"acf":[],"yoast_head":"<!-- This site is optimized with the Yoast SEO Premium plugin v22.7 (Yoast SEO v26.6) - https:\/\/yoast.com\/wordpress\/plugins\/seo\/ -->\n<title>Personnes mut\u00e9es \u00e0 l\u2019int\u00e9rieur d\u2019une soci\u00e9t\u00e9 - Canadim<\/title>\n<meta name=\"description\" content=\"Le programme de mobilit\u00e9 internationale du Canada permet aux ressortissants \u00e9trangers hautement qualifi\u00e9s de travailler temporairement au Canada\" \/>\n<meta name=\"robots\" content=\"index, follow, max-snippet:-1, max-image-preview:large, max-video-preview:-1\" \/>\n<link rel=\"canonical\" href=\"https:\/\/www.canadim.com\/fr\/travail\/temporaire-sans-eimt\/personnes-mutees-interieur-societe\/\" \/>\n<meta property=\"og:locale\" content=\"fr_FR\" \/>\n<meta property=\"og:type\" content=\"article\" \/>\n<meta property=\"og:title\" content=\"Personnes mut\u00e9es \u00e0 l\u2019int\u00e9rieur d\u2019une soci\u00e9t\u00e9\" \/>\n<meta property=\"og:description\" content=\"Le programme de mobilit\u00e9 internationale du Canada permet aux ressortissants \u00e9trangers hautement qualifi\u00e9s de travailler temporairement au Canada\" \/>\n<meta property=\"og:url\" content=\"https:\/\/www.canadim.com\/fr\/travail\/temporaire-sans-eimt\/personnes-mutees-interieur-societe\/\" \/>\n<meta property=\"og:site_name\" content=\"Canadim\" \/>\n<meta property=\"article:modified_time\" content=\"2023-02-14T20:19:54+00:00\" \/>\n<meta property=\"og:image\" content=\"https:\/\/www.canadim.com\/app\/uploads\/2019\/03\/Assessment-Image-Facebook.jpg\" \/>\n\t<meta property=\"og:image:width\" content=\"1200\" \/>\n\t<meta property=\"og:image:height\" content=\"630\" \/>\n\t<meta property=\"og:image:type\" content=\"image\/jpeg\" \/>\n<meta name=\"twitter:card\" content=\"summary_large_image\" \/>\n<meta name=\"twitter:label1\" content=\"Dur\u00e9e de lecture estim\u00e9e\" \/>\n\t<meta name=\"twitter:data1\" content=\"1 minute\" \/>\n<!-- \/ Yoast SEO Premium plugin. -->","yoast_head_json":{"title":"Personnes mut\u00e9es \u00e0 l\u2019int\u00e9rieur d\u2019une soci\u00e9t\u00e9 - Canadim","description":"Le programme de mobilit\u00e9 internationale du Canada permet aux ressortissants \u00e9trangers hautement qualifi\u00e9s de travailler temporairement au Canada","robots":{"index":"index","follow":"follow","max-snippet":"max-snippet:-1","max-image-preview":"max-image-preview:large","max-video-preview":"max-video-preview:-1"},"canonical":"https:\/\/www.canadim.com\/fr\/travail\/temporaire-sans-eimt\/personnes-mutees-interieur-societe\/","og_locale":"fr_FR","og_type":"article","og_title":"Personnes mut\u00e9es \u00e0 l\u2019int\u00e9rieur d\u2019une soci\u00e9t\u00e9","og_description":"Le programme de mobilit\u00e9 internationale du Canada permet aux ressortissants \u00e9trangers hautement qualifi\u00e9s de travailler temporairement au Canada","og_url":"https:\/\/www.canadim.com\/fr\/travail\/temporaire-sans-eimt\/personnes-mutees-interieur-societe\/","og_site_name":"Canadim","article_modified_time":"2023-02-14T20:19:54+00:00","og_image":[{"width":1200,"height":630,"url":"https:\/\/www.canadim.com\/app\/uploads\/2019\/03\/Assessment-Image-Facebook.jpg","type":"image\/jpeg"}],"twitter_card":"summary_large_image","twitter_misc":{"Dur\u00e9e de lecture estim\u00e9e":"1 minute"},"schema":{"@context":"https:\/\/schema.org","@graph":[{"@type":"WebPage","@id":"https:\/\/www.canadim.com\/fr\/travail\/temporaire-sans-eimt\/personnes-mutees-interieur-societe\/","url":"https:\/\/www.canadim.com\/fr\/travail\/temporaire-sans-eimt\/personnes-mutees-interieur-societe\/","name":"Personnes mut\u00e9es \u00e0 l\u2019int\u00e9rieur d\u2019une soci\u00e9t\u00e9 - Canadim","isPartOf":{"@id":"https:\/\/www.canadim.com\/#website"},"datePublished":"2018-05-22T19:19:06+00:00","dateModified":"2023-02-14T20:19:54+00:00","description":"Le programme de mobilit\u00e9 internationale du Canada permet aux ressortissants \u00e9trangers hautement qualifi\u00e9s de travailler temporairement au Canada","breadcrumb":{"@id":"https:\/\/www.canadim.com\/fr\/travail\/temporaire-sans-eimt\/personnes-mutees-interieur-societe\/#breadcrumb"},"inLanguage":"fr-FR","potentialAction":[{"@type":"ReadAction","target":["https:\/\/www.canadim.com\/fr\/travail\/temporaire-sans-eimt\/personnes-mutees-interieur-societe\/"]}]},{"@type":"BreadcrumbList","@id":"https:\/\/www.canadim.com\/fr\/travail\/temporaire-sans-eimt\/personnes-mutees-interieur-societe\/#breadcrumb","itemListElement":[{"@type":"ListItem","position":1,"name":"Home","item":"https:\/\/www.canadim.com\/fr\/"},{"@type":"ListItem","position":2,"name":"Travailler au Canada : Processus de visa et de permis de travail Canada","item":"https:\/\/www.canadim.com\/fr\/travail\/"},{"@type":"ListItem","position":3,"name":"Work Permits without an LMIA","item":"https:\/\/www.canadim.com\/fr\/travail\/temporaire-sans-eimt\/"},{"@type":"ListItem","position":4,"name":"Personnes mut\u00e9es \u00e0 l\u2019int\u00e9rieur d\u2019une soci\u00e9t\u00e9"}]},{"@type":"WebSite","@id":"https:\/\/www.canadim.com\/#website","url":"https:\/\/www.canadim.com\/","name":"Canadim","description":"Canadian Immigration Law Firm","publisher":{"@id":"https:\/\/www.canadim.com\/#organization"},"potentialAction":[{"@type":"SearchAction","target":{"@type":"EntryPoint","urlTemplate":"https:\/\/www.canadim.com\/?s={search_term_string}"},"query-input":{"@type":"PropertyValueSpecification","valueRequired":true,"valueName":"search_term_string"}}],"inLanguage":"fr-FR"},{"@type":"Organization","@id":"https:\/\/www.canadim.com\/#organization","name":"Canadim","url":"https:\/\/www.canadim.com\/","logo":{"@type":"ImageObject","inLanguage":"fr-FR","@id":"https:\/\/www.canadim.com\/#\/schema\/logo\/image\/","url":"https:\/\/www.canadim.com\/app\/uploads\/2019\/05\/Logo1024.png","contentUrl":"https:\/\/www.canadim.com\/app\/uploads\/2019\/05\/Logo1024.png","width":1200,"height":675,"caption":"Canadim"},"image":{"@id":"https:\/\/www.canadim.com\/#\/schema\/logo\/image\/"}}]}},"_links":{"self":[{"href":"https:\/\/www.canadim.com\/fr\/wp-json\/wp\/v2\/pages\/29981","targetHints":{"allow":["GET"]}}],"collection":[{"href":"https:\/\/www.canadim.com\/fr\/wp-json\/wp\/v2\/pages"}],"about":[{"href":"https:\/\/www.canadim.com\/fr\/wp-json\/wp\/v2\/types\/page"}],"author":[{"embeddable":true,"href":"https:\/\/www.canadim.com\/fr\/wp-json\/wp\/v2\/users\/16"}],"replies":[{"embeddable":true,"href":"https:\/\/www.canadim.com\/fr\/wp-json\/wp\/v2\/comments?post=29981"}],"version-history":[{"count":0,"href":"https:\/\/www.canadim.com\/fr\/wp-json\/wp\/v2\/pages\/29981\/revisions"}],"up":[{"embeddable":true,"href":"https:\/\/www.canadim.com\/fr\/wp-json\/wp\/v2\/pages\/29994"}],"wp:attachment":[{"href":"https:\/\/www.canadim.com\/fr\/wp-json\/wp\/v2\/media?parent=29981"}],"wp:term":[{"taxonomy":"post_tag","embeddable":true,"href":"https:\/\/www.canadim.com\/fr\/wp-json\/wp\/v2\/tags?post=29981"}],"curies":[{"name":"wp","href":"https:\/\/api.w.org\/{rel}","templated":true}]}}

Personnes mutées à l’intérieur d’une société

<p><span style="font-weight: 400;">Le programme de mobilité internationale du Canada contient des dispositions permettant aux ressortissants étrangers hautement qualifiés de travailler temporairement au Canada en tant que personnes mutées à l&#8217;intérieur d&#8217;une société. Si un ressortissant étranger est un employé d&#8217;une société multinationale située à l&#8217;extérieur du Canada, il peut avoir le droit d&#8217;obtenir un permis de travail exempt d’EIMT pour être transféré dans l&#8217;un des établissements de la société au Canada. La règle relative aux personnes mutées à l&#8217;intérieur d&#8217;une société s&#8217;applique à tous les pays.</span></p>

<p>Le programme de mobilité internationale du Canada contient des dispositions permettant aux ressortissants étrangers hautement qualifiés de travailler temporairement au Canada en tant que personnes [&hellip;]</p>

<!-- This site is optimized with the Yoast SEO Premium plugin v22.7 (Yoast SEO v26.6) - https://yoast.com/wordpress/plugins/seo/ -->
<title>Personnes mutées à l’intérieur d’une société - Canadim</title>
<meta name="description" content="Le programme de mobilité internationale du Canada permet aux ressortissants étrangers hautement qualifiés de travailler temporairement au Canada" />
<meta name="robots" content="index, follow, max-snippet:-1, max-image-preview:large, max-video-preview:-1" />
<link rel="canonical" href="https://www.canadim.com/fr/travail/temporaire-sans-eimt/personnes-mutees-interieur-societe/" />
<meta property="og:locale" content="fr_FR" />
<meta property="og:type" content="article" />
<meta property="og:title" content="Personnes mutées à l’intérieur d’une société" />
<meta property="og:description" content="Le programme de mobilité internationale du Canada permet aux ressortissants étrangers hautement qualifiés de travailler temporairement au Canada" />
<meta property="og:url" content="https://www.canadim.com/fr/travail/temporaire-sans-eimt/personnes-mutees-interieur-societe/" />
<meta property="og:site_name" content="Canadim" />
<meta property="article:modified_time" content="2023-02-14T20:19:54+00:00" />
<meta property="og:image" content="https://www.canadim.com/app/uploads/2019/03/Assessment-Image-Facebook.jpg" />
	<meta property="og:image:width" content="1200" />
	<meta property="og:image:height" content="630" />
	<meta property="og:image:type" content="image/jpeg" />
<meta name="twitter:card" content="summary_large_image" />
<meta name="twitter:label1" content="Durée de lecture estimée" />
	<meta name="twitter:data1" content="1 minute" />
<!-- / Yoast SEO Premium plugin. -->

Personnes mutées à l’intérieur d’une société - Canadim

Le programme de mobilité internationale du Canada permet aux ressortissants étrangers hautement qualifiés de travailler temporairement au Canada
